 g. What is the units digit of q?
9
Let d(u) = -u**3 - 2*u**2 - 3*u - 31. What is the hundreds digit of d(-7)?
2
Let k(y) = 14*y + 6. Let v = 0 + 17. What is the tens digit of k(v)?
4
Let f = 3 - -1. Let q be (12 - f)*(3 + -2). What is the tens digit of (-25)/(20/q + -3)?
5
Suppose -352 - 39 = w + k, 16 = -4*k. Let b = w - -543. What is the units digit of b?
6
Let i = -344 + 1292. What is the units digit of i?
8
What is the hundreds digit of (369/164)/(6/2000)?
7
Let y = 2653 + 77. What is the hundreds digit of y?
7
Suppose -2*i = -i. Suppose i = -2*r + r + 25. What is the tens digit of r?
2
Suppose -w + 6*w = 50. Suppose p + w = 3*h - 3, 27 = p + 5*h. What is the units digit of (-3 + p)*(-37 + -2)?
9
Suppose -14 = -5*u - 4, -p + u = -7. Suppose -233 = -p*w + 127. Let s = w - 24. What is the units digit of s?
6
Let g(o) = o**2 + 101*o - 93*o + 18 + 10. Let s be g(-9). Suppose -2*r = s - 185. What is the tens digit of r?
7
Suppose 32 = 3*b - 5*m, 6*b = 5*b + 5*m + 4. What is the units digit of b?
4
Suppose 3*u = -4*l + 45, 15 + 0 = u + 4*l. Suppose 216 = u*n - 6*n. What is the units digit of n?
4
Let r = -6 - -1478. What is the tens digit of r?
7
Let v = 343 + -267. What is the units digit of v?
6
Suppose -31 = -o - 4*k, 21 = -2*o + 3*o - k. Suppose -c + 3 = -o. Suppose 4*y - 68 = 2*q, -y + 1 = -3*q - c. What is the tens digit of y?
1
Let v(z) = -10*z - 30. Let c(d) = 9*d + 31. Let a(u) = -3*c(u) - 2*v(u). What is the hundreds digit of a(-19)?
1
Let b(m) = -m**3 - 17*m**2 + 28*m - 8. What is the thousands digit of b(-21)?
1
Suppose 0 = -3*h - 5*f - 151, -h - 3*f - 74 + 17 = 0. Let x = h + 122. What is the tens digit of x?
8
Let h = 4 + -1. Suppose -2*g + 34 = s - h*s, 56 = -3*s + 4*g. Let j(t) = t**2 + 11*t + 5. What is the units digit of j(s)?
7
Let j be (4 + (-3 - -3))*(-63)/(-12). What is the hundreds digit of 3/j + (-3798)/(-21)?
1
Suppose -16*l = 8*l - 39072. What is the units digit of l?
8
Let i = 100 + 24. Suppose -3*c + i = -2*p, 2*c - 180 = -3*c - 2*p. What is the units digit of c?
8
Suppose x = 3*g - 3124, 10*x - 15*x = 5*g - 5220. What is the thousands digit of g?
1
Let y(p) = 15*p - 7. Let f be y(2). Suppose -f - 37 = -5*b. What is the tens digit of b?
1
Let f(g) = -5*g - 15. Let d be f(7). Let b be d/20*1*2. What is the tens digit of ((-8)/b)/((-12)/(-330))?
4
Let x be 2/4 + 9/2. Let a(w) = 19*w - 12. What is the units digit of a(x)?
3
Let r = -35 - -30. Let u(m) = -6*m**3 - 3*m**2 - 3*m - 3. Let q be u(-2). Let d = q - r. What is the units digit of d?
4
Let k(f) = -3*f**3 + 5*f**2 - 2*f + 4. Let r = 23 + -27. What is the units digit of k(r)?
4
Suppose -5*m - 450 = -4*x - 3*m, 4*m - 220 = -2*x. What is the hundreds digit of x?
1
Let f be 2/((-3 - -6)/(-1 + 4)). What is the units digit of ((-42)/8)/(5/(f - 62))?
3
Suppose 279*n = 281*n - 1136. What is the tens digit of n?
6
Let b(i) = i**2 - 12*i - 1. Let s be b(5). Let a = s - -47. What is the units digit of a?
1
Suppose -6 = -c - i, -c + 21 = c + 5*i. Suppose 190 = 5*o - c*o. What is the tens digit of o?
9
Suppose -x = 2*o, 3*x - 4*o - 12 - 38 = 0. Suppose 0 = -4*i + 30 - x. What is the units digit of i?
5
Let f(i) = 4*i + 10. Let w(v) = v - 8 - 3 - 5*v. Let d(c) = 4*f(c) + 5*w(c). What is the units digit of d(-13)?
7
Suppose 0 = 6*r - 9 + 3. Let k = r + 55. What is the units digit of k?
6
Let o = -37 - -12. Let x be (-2)/9 + (-21216)/(-702). Let j = x + o. What is the units digit of j?
5
What is the hundreds digit of 0 + 8/(-60) - 38352/(-90)?
4
Suppose -14*d + 19*d = 2185. What is the tens digit of d?
3
Let o = 12 + -10. Suppose 0 = -3*j + o*j + 109. What is the units digit of j?
9
Let g(o) = -22*o - 32. Let x = -45 - -39. What is the units digit of g(x)?
0
Suppose 5*m + 424 = 2819. Let t = m + -328. What is the hundreds digit of t?
1
What is the hundreds digit of ((-1)/3)/(2/(-2010))?
3
Let x be ((-2)/(-3))/(38/(-1026)). Let r be -5*(3 + (-1 - 0)). Let w = r - x. What is the units digit of w?
8
Let r(q) = 15*q**3 + q**2 + 6*q - 10. What is the units digit of r(2)?
6
Let f = 4620 + -2632. What is the thousands digit of f?
1
Suppose 0 = 4*s + 3*c - 822, -2*s + 3*s = -3*c + 210. Suppose 25*p = 24*p + s. What is the hundreds digit of p?
2
Let z be (6/(-15))/(7/(-70)). Suppose v - 3*p - 9 - 43 = 0, -z*v + 3*p + 208 = 0. What is the tens digit of v?
5
Let q(d) = -d**3 + 4*d - 3. Suppose 12 = u + 5*u. Let c be q(u). What is the tens digit of c/(-4) - 226/(-8)?
2
Suppose 1051 = 9*o + 88. Let w = 131 - o. What is the tens digit of w?
2
Suppose 0 = 5*w - 81 + 271. What is the units digit of ((-12)/8)/(1/w*1)?
7
Let a be (-67)/(-6) - (-3)/(-18). Suppose 7 + a = 6*x. Suppose 0 = x*r - 0*r - 123. What is the tens digit of r?
4
Let g be (-4)/(-2) - (13 - 15). Suppose 3*j + 5 = -5*s + g*s, -s + 15 = -2*j. What is the units digit of s?
7
Suppose 2*s = -s - 3. Let w be (0 - -7) + 2/s. Suppose -w*q - 2*i = -105, 3*q + 4*i + 66 = 5*q. What is the tens digit of q?
2
Let f(o) = 2*o + 13. Let c(s) = -2*s - 7. Let u be c(10). Let d be 3/(-5) - u/(-5). What is the units digit of f(d)?
1
Suppose 3*d + 18 = 6*d. Suppose 2*o - 5*o + 3*s + 120 = 0, -3*o + 2*s = -125. Suppose d*j - o = 3*j. What is the tens digit of j?
1
Suppose -4*r = -2*z - 3145 - 6251, 3*z = r - 2354. What is the tens digit of r?
4
Let m(u) = 208*u**2 + 7*u - 12. What is the units digit of m(2)?
4
Let i be 8/(-20) - ((-2961)/5)/3. Let q = -102 + i. What is the tens digit of q?
9
Suppose -5 = 2*l - f, 2*l + 3*f + 13 = l. Let t be (5 - 7)/(l/6). What is the units digit of (-2 + t)/((-5)/(-115))?
3
Let k = 26 - -36. What is the units digit of k?
2
Let q(w) = 739*w**2 - 81*w + 160. What is the units digit of q(2)?
4
Suppose 2*g = -4*g + 702. Suppose 5*r - 183 = -k, 0 = r - 4*r + 3*k + g. What is the tens digit of r?
3
Suppose -373*x = -367*x - 3720. What is the hundreds digit of x?
6
Let t(n) = n**3 + 9*n**2 - 5*n + 4. Let q = -74 + 65. What is the units digit of t(q)?
9
Suppose 3*t = 3*c + 36, -3*t + 76 = -3*c - 8*t. Suppose -10 = -r + 2*g + 15, -2*g = 2*r - 62. Let m = c + r. What is the units digit of m?
2
Let o(b) = 34*b**2 + 2*b - 5. Let k(z) = 101*z**2 + 6*z - 14. Let g(h) = 6*k(h) - 17*o(h). What is the tens digit of g(2)?
1
Suppose -5*z - 15 = -0*p + 5*p, 5*p - 4*z = 3. What is the units digit of 2*p/(2/(-42))?
2
Suppose -11 + 7 = -2*c. Suppose -2*b - c*w - 67 = -3*b, -12 = 4*w. What is the tens digit of b?
6
Suppose -10*m + 366 = -244. What is the tens digit of m?
6
Suppose 0*f - 82 = -f. Suppose -f - 38 = 4*g. What is the units digit of -1*(-4)/(-10)*g?
2
Let g be -3 + 1 + (15 - 17). What is the units digit of (35 - (0 - g))*2?
2
Let r be 0 + 2/(-6) + 10/3. Let p = -17 + 34. What is the tens digit of p - (4 + -4 + r)?
1
Suppose -4*k = -k - 15. Suppose 4*q = -k*x + 41, -x - 48 = -6*x + 3*q. What is the units digit of x?
9
Let y = 15 + 75. Let z = 370 - y. What is the units digit of z?
0
Let b = -54 - -50. Let l(p) = -12*p + 4. What is the units digit of l(b)?
2
Let s(j) = -5*j**2 + 4*j + 136. Let h(t) = t**2 - t - 34. Let c(k) = -9*h(k) - 2*s(k). Suppose 31*q = 37*q. What is the tens digit of c(q)?
3
Suppose 3*q = -4*j + 7661, 3*j = 6*q - 10*q + 5744. What is the thousands digit of j?
1
Suppose -12*m + 945 = -363. Suppose 8*x + 29 = m. What is the units digit of x?
0
Let r(v) = -v**3 - 8*v**2 - v. Let q be r(-8). Let t be (-6)/8 - (-118)/q. Suppose b - t = -b. What is the units digit of b?
7
Let i = -41 - -19. Let k be (-2)/10*(12 + i). Suppose -k*l + 91 = -21. What is the tens digit of l?
5
Let n = -22 - -26. Let o = -1 + n. What is the units digit of o?
3
Suppose 0 = 4*u - u + 936. What is the units digit of -3 + 1 - u/8?
7
Let k(o) = -57*o - 3. Let v be k(-1). Suppose 2*i + v = 2*x, -5 + 11 = -2*i. What is the units digit of x?
4
Let x(s) = s**2 + 5*s + 562. What is the hundreds digit of x(0)?
5
Suppose 0 = -p - 3 + 85. What is the units digit of p?
2
Let x(v) = v + 2. Let l = 5 + -9. Let n = l + 4. What is the units digit of x(n)?
2
Suppose 1454 = 4*d + 5*h, 6*d - 1820 = d - 5*h. What is the units digit of d?
6
Let v(i) = -i**3 - 6*i**2. Let c be v(-6). Suppose 0 = u - 5*a - c*a - 21, 3*a - 38 = -4*u. Suppose 3*o - 2*o - u = 0. What is the tens digit of o?
1
Suppose -2*l + 4*x = -38, 5*l - 55 = x + x. Let n be (16 - -2)*1*